{"id":119,"date":"2019-10-01T14:13:33","date_gmt":"2019-10-01T12:13:33","guid":{"rendered":"http:\/\/dreamcatcherfrance.com\/?page_id=119"},"modified":"2025-12-15T18:46:10","modified_gmt":"2025-12-15T17:46:10","slug":"e-shop","status":"publish","type":"page","link":"http:\/\/dreamcatcherfrance.com\/index.php\/e-shop\/","title":{"rendered":"E-Shop"},"content":{"rendered":"\n<p><strong>Pour toute commande, merci d\u2019envoyer la liste des articles que vous souhaitez \u00e0 <a href=\"mailto:dreamcatcherfrance@gmail.com\">dreamcatcherfrance@gmail.com<\/a><\/strong><br><strong>Si vous voulez que les disques soient d\u00e9dicac\u00e9s, pensez \u00e0 nous le pr\u00e9ciser dans le message&nbsp;!<\/strong><br><strong>Merci d\u2019indiquer votre nom, votre mail, votre num\u00e9ro de t\u00e9l\u00e9phone (pour le suivi de l\u2019envoi)<\/strong><br><strong>Ainsi qu\u2019un point relais Mondial Relay qui vous convient&nbsp;!On vous enverra un mail avec les infos pour payer ainsi le montant total de votre commande&nbsp;!<\/strong><\/p>\n\n\n\n<p><strong>Merci \u00e0 tous pour votre soutien!!<\/strong><\/p>\n\n\n\n<p class=\"has-white-color has-text-color has-link-color wp-elements-006a4ba9271d78c7fd0e0d0949de0688\"><br><strong>Vinyle \u201cBleeding Heart\u201d 4\u00e8me album 25\u20ac<\/strong><\/p>\n\n\n\nngg_shortcode_0_placeholder\n\n\n\n<p class=\"has-white-color has-text-color has-link-color wp-elements-5cea59d1f3bef79959d9f21cfd650fb3\"><br><strong>CD Digipack \u201cBleeding Heart\u201d 4\u00e8me album<\/strong> <strong>15\u20ac<\/strong><\/p>\n\n\n\nngg_shortcode_1_placeholder\n\n\n\n<p class=\"has-white-color has-text-color has-link-color wp-elements-2ba165d17eaed9453c5fc188d94ae6b7\"><br><strong>T-shirt  \u201cBleeding Heart\u201d <strong>NOIR ou ROUGE<\/strong> 20\u20ac<\/strong><\/p>\n\n\n\nngg_shortcode_2_placeholder\n\n\n\n<p class=\"has-white-color has-text-color has-link-color wp-elements-f7a5bdf23f49d54dd13850a97dd09609\"><strong>Goodies : Porte cl\u00e9 brod\u00e9 8\u20ac \/ Patch 6\u20ac \/ Tote Bag 7\u20ac \/ Miroir 5\u20ac \/ Pin&#8217;s 3\u20ac<\/strong><\/p>\n\n\n\nngg_shortcode_3_placeholder\n\n\n\n<p class=\"has-white-color has-text-color has-link-color wp-elements-f76e6d85aa6eb67d9c70c06476f0a87b\"><br><strong>Vinyle \u201cThe Road So Far\u201d 3\u00e8me album<\/strong> <strong>22<\/strong><strong>\u20ac<\/strong><\/p>\n\n\n\nngg_shortcode_4_placeholder\n\n\n\n<p class=\"has-white-color has-text-color has-link-color wp-elements-05d7db228e2a2308f79ebf8d8c6e4225\"><br><strong>CD Digipack \u201cThe Road So Far\u201d 3\u00e8me album <\/strong><strong>12<\/strong><strong>\u20ac<\/strong><\/p>\n\n\n\nngg_shortcode_5_placeholder\n\n\n\n<p class=\"has-white-color has-text-color has-link-color wp-elements-45073336806a97bf521e397a6f859de1\"><br><strong>CD \u201cBlood On The Snow\u201d 2\u00e8me album 10\u20ac<\/strong><\/p>\n\n\n\nngg_shortcode_6_placeholder\n\n\n\n<p class=\"has-white-color has-text-color has-link-color wp-elements-b1134021f2f22418d72eb41512d2df14\"><br><strong>CD Digipack \u201cEmerging From The Shadows\u201d 1er album <\/strong><strong>8<\/strong><strong>\u20ac<\/strong><\/p>\n\n\n\nngg_shortcode_7_placeholder\n","protected":false},"excerpt":{"rendered":"<p>Pour toute commande, merci d\u2019envoyer la liste des articles que vous souhaitez \u00e0 dreamcatcherfrance@gmail.comSi vous voulez que les disques soient d\u00e9dicac\u00e9s, pensez \u00e0 nous le pr\u00e9ciser dans le message&nbsp;!Merci d\u2019indiquer votre nom, votre mail, votre num\u00e9ro de t\u00e9l\u00e9phone (pour le suivi de l\u2019envoi)Ainsi qu\u2019un point relais Mondial Relay qui vous convient&nbsp;!On vous enverra un mail [&hellip;]<\/p>\n","protected":false},"author":1,"featured_media":0,"parent":0,"menu_order":0,"comment_status":"closed","ping_status":"closed","template":"","meta":{"ngg_post_thumbnail":0,"footnotes":""},"class_list":["post-119","page","type-page","status-publish","hentry"],"_links":{"self":[{"href":"http:\/\/dreamcatcherfrance.com\/index.php\/wp-json\/wp\/v2\/pages\/119","targetHints":{"allow":["GET"]}}],"collection":[{"href":"http:\/\/dreamcatcherfrance.com\/index.php\/wp-json\/wp\/v2\/pages"}],"about":[{"href":"http:\/\/dreamcatcherfrance.com\/index.php\/wp-json\/wp\/v2\/types\/page"}],"author":[{"embeddable":true,"href":"http:\/\/dreamcatcherfrance.com\/index.php\/wp-json\/wp\/v2\/users\/1"}],"replies":[{"embeddable":true,"href":"http:\/\/dreamcatcherfrance.com\/index.php\/wp-json\/wp\/v2\/comments?post=119"}],"version-history":[{"count":25,"href":"http:\/\/dreamcatcherfrance.com\/index.php\/wp-json\/wp\/v2\/pages\/119\/revisions"}],"predecessor-version":[{"id":729,"href":"http:\/\/dreamcatcherfrance.com\/index.php\/wp-json\/wp\/v2\/pages\/119\/revisions\/729"}],"wp:attachment":[{"href":"http:\/\/dreamcatcherfrance.com\/index.php\/wp-json\/wp\/v2\/media?parent=119"}],"curies":[{"name":"wp","href":"https:\/\/api.w.org\/{rel}","templated":true}]}}